107357
What are the prime factors of 3199932?
2, 3, 29629
List the prime factors of 234791.
234791
List the prime factors of 238592.
2, 233
What are the prime factors of 4734?
2, 3, 263
List the prime factors of 9808653.
3, 1613, 2027
List the prime factors of 4045839.
3, 7, 37, 41, 127
List the prime factors of 1683212.
2, 420803
What are the prime factors of 7488455?
5, 13, 23, 5009
List the prime factors of 11394262.
2, 11, 19, 27259
List the prime factors of 3484519.
677, 5147
List the prime factors of 388660.
2, 5, 19433
What are the prime factors of 9705053?
29, 379, 883
What are the prime factors of 29749520?
2, 5, 371869
What are the prime factors of 148717?
127, 1171
What are the prime factors of 619024?
2, 7, 5527
List the prime factors of 1390660.
2, 5, 31, 2243
What are the prime factors of 75377?
75377
What are the prime factors of 132066?
2, 3, 11, 23, 29
List the prime factors of 3262590.
2, 3, 5, 36251
List the prime factors of 6809361.
3, 13, 174599
List the prime factors of 477223.
19, 25117
List the prime factors of 655465.
5, 337, 389
List the prime factors of 3486390.
2, 3, 5, 251, 463
List the prime factors of 12577719.
3, 7, 11, 54449
List the prime factors of 983743.
811, 1213
What are the prime factors of 864573?
3, 288191
List the prime factors of 869094.
2, 3, 53, 911
What are the prime factors of 331259?
331259
What are the prime factors of 330669?
3, 37, 331
List the prime factors of 46767.
3, 7, 17, 131
What are the prime factors of 25262741?
7, 29, 124447
What are the prime factors of 8344791?
3, 7, 13, 23, 443
List the prime factors of 1646257.
67, 24571
List the prime factors of 15099686.
2, 7, 647, 1667
List the prime factors of 1957214.
2, 7, 139801
What are the prime factors of 3632770?
2, 5, 363277
List the prime factors of 26918665.
5, 1021, 5273
What are the prime factors of 655943?
655943
List the prime factors of 179820.
2, 3, 5, 37
List the prime factors of 3048923.
239, 12757
List the prime factors of 70300.
2, 5, 19, 37
List the prime factors of 543361.
7, 13, 853
What are the prime factors of 332058?
2, 3, 55343
What are the prime factors of 606652?
2, 37, 4099
List the prime factors of 691001.
691001
List the prime factors of 1673728.
2, 7, 467
List the prime factors of 377187.
3, 59, 2131
List the prime factors of 376798.
2, 293, 643
List the prime factors of 142118.
2, 71059
What are the prime factors of 2964819?
3, 11, 13, 6911
List the prime factors of 11045178.
2, 3, 601, 1021
What are the prime factors of 21975722?
2, 1609, 6829
List the prime factors of 391755.
3, 5, 7, 13, 41
List the prime factors of 1582818.
2, 3, 263803
List the prime factors of 372256.
2, 11633
What are the prime factors of 2078620?
2, 5, 43, 2417
What are the prime factors of 15771989?
15771989
What are the prime factors of 659088?
2, 3, 23, 199
List the prime factors of 6147633.
3, 313, 6547
List the prime factors of 22163536.
2, 23, 229, 263
List the prime factors of 305591.
11, 13, 2137
List the prime factors of 21274.
2, 11, 967
List the prime factors of 2823679.
2823679
What are the prime factors of 505384?
2, 11, 5743
List the prime factors of 2423167.
37, 79, 829
What are the prime factors of 382965?
3, 5, 11, 211
What are the prime factors of 1040289?
3, 346763
What are the prime factors of 221977?
7, 19, 1669
What are the prime factors of 538980?
2, 3, 5, 13, 691
What are the prime factors of 458290?
2, 5, 7, 6547
List the prime factors of 51381.
3, 11, 173
List the prime factors of 32497.
32497
What are the prime factors of 1579090?
2, 5, 19, 8311
What are the prime factors of 15104087?
15104087
List the prime factors of 2696727.
3, 11, 17, 19, 23
What are the prime factors of 49101?
3, 13, 1259
What are the prime factors of 326544?
2, 3, 6803
What are the prime factors of 644745?
3, 5, 53, 811
What are the prime factors of 838640?
2, 5, 11, 953
What are the prime factors of 2231879?
13, 17, 10099
List the prime factors of 8103507.
3, 233, 11593
List the prime factors of 167251.
7, 23893
List the prime factors of 25584611.
13, 1968047
What are the prime factors of 537243?
3, 7, 25583
What are the prime factors of 649855?
5, 129971
List the prime factors of 2737836.
2, 3, 59, 1289
What are the prime factors of 700997?
11, 63727
List the prime factors of 31418859.
3, 113, 92681
What are the prime factors of 4780300?
2, 5, 7, 6829
List the prime factors of 896642.
2, 448321
List the prime factors of 1725289.
43, 40123
What are the prime factors of 425273?
425273
What are the prime factors of 8634776?
2, 17, 173, 367
What are the prime factors of 19213971?
3, 7, 914951
List the prime factors of 227700.
2, 3, 5, 11, 23
What are the prime factors of 219969?
3, 8147
What are the prime factors of 198390?
2, 3, 5, 17, 389
What are the prime factors of 1257570?
2, 3, 5, 89, 157
List the prime factors of 2740575.
3, 5, 36541
What are the prime factors of 5288962?
2, 7, 29, 1861
List the prime factors of 270193.
7, 11, 29
What are the prime factors of 1257076?
2, 131, 2399
List the prime factors of 24924290.
2, 5, 787, 3167
What are the prime factors of 1664324?
2, 19, 61, 359
What are the prime factors of 26099258?
2, 347, 37607
List the prime factors of 409368.
2, 3, 37, 461
List the prime factors of 2647818.
2, 3, 17, 509
What are the prime factors of 2391454?
2, 13, 19, 47, 103
What are the prime factors of 587152?
2, 36697
List the prime factors of 20363801.
19, 37, 83, 349
What are the prime factors of 140715?
3, 5, 53, 59
What are the prime factors of 101583?
3, 11287
List the prime factors of 153543.
3, 13, 31, 127
What are the prime factors of 8336001?
3, 17, 79, 2069
What are the prime factors of 1919034?
2, 3, 13, 59, 139
List the prime factors of 2049150.
2, 3, 5, 19, 719
List the prime factors of 45094.
2, 7, 3221
List the prime factors of 1095965.
5, 13, 1297
List the prime factors of 6397310.
2, 5, 639731
What are the prime factors of 475355?
5, 95071
What are the prime factors of 33276538?
2, 23, 79, 9157
List the prime factors of 2201658.
2, 3, 83, 4421
What are the prime factors of 5698195?
5, 19, 59981
List the prime factors of 579369.
3, 7, 47, 587
What are the prime factors of 13952390?
2, 5, 541, 2579
List the prime factors of 268457.
7, 38351
What are the prime factors of 292860?
2, 3, 5, 1627
List the prime factors of 151984.
2, 7, 23, 59
List the prime factors of 3920314.
2, 59, 33223
List the prime factors of 8914627.
167, 53381
List the prime factors of 1624698.
2, 3, 3343
List the prime factors of 4112896.
2, 29, 277
List the prime factors of 15496231.
17, 283, 3221
What are the prime factors of 1710535?
5, 342107
What are the prime factors of 76102?
2, 13, 2927
What are the prime factors of 103721?
19, 53, 103
List the prime factors of 828244.
2, 207061
What are the prime factors of 16217?
16217
What are the prime factors of 92604?
2, 3, 7717
What are the prime factors of 7978746?
2, 3, 17, 19, 23, 179
What are the prime factors of 5044453?
5044453
What are the prime factors of 493377?
3, 29, 53, 107
List the prime factors of 4230852.
2, 3, 271, 1301
List the prime factors of 7677679.
7677679
List the prime factors of 4777976.
2, 7, 41, 2081
List the prime factors of 2859349.
17, 168197
List the prime factors of 140784.
2, 3, 7, 419
List the prime factors of 10793519.
11, 59, 16631
What are the prime factors of 529772?
2, 29, 4567
What are the prime factors of 17091129?
3, 11, 197, 239
List the prime factors of 1723604.
2, 19, 22679
What are the prime factors of 8145723?
3, 29, 93629
What are the prime factors of 77189?
7, 11027
What are the prime factors of 1566155?
5, 59, 5309
What are the prime factors of 8710462?
2, 4355231
What are the prime factors of 29574987?
3, 13, 23, 32971
List the prime factors of 1519137.
3, 17, 9929
List the prime factors of 7430453.
7430453
What are the prime factors of 490655?
5, 11, 811
What are the prime factors of 611970?
2, 3, 5, 20399
What are the prime factors of 479705?
5, 37, 2593
What are the prime factors of 577987?
167, 3461
What are the prime factors of 1559883?
3, 13, 23, 37, 47
What are the prime factors of 1834592?
2, 57331
List the prime factors of 565470.
2, 3, 5, 61, 103
List the prime factors of 4840138.
2, 17, 142357
What are the prime